{"id":48,"date":"2026-03-22T17:58:40","date_gmt":"2026-03-22T17:58:40","guid":{"rendered":"https:\/\/elabaura.company\/?page_id=48"},"modified":"2026-03-22T17:58:40","modified_gmt":"2026-03-22T17:58:40","slug":"inscription","status":"publish","type":"page","link":"https:\/\/elabaura.company\/index.php\/inscription\/","title":{"rendered":"Inscription"},"content":{"rendered":"    <div class=\"elabaura-register\">\n        <h2>Inscription<\/h2>\n        <p>Cr\u00e9ez votre compte pour acc\u00e9der aux fonctionnalit\u00e9s du site.<\/p>\n\n        \n                    <form class=\"elabaura-form\" method=\"post\">\n                <label for=\"elabaura_first_name\">Pr\u00e9nom<\/label>\n                <input type=\"text\" id=\"elabaura_first_name\" name=\"elabaura_first_name\" required>\n\n                <label for=\"elabaura_discord\">Pseudo Discord<\/label>\n                <input type=\"text\" id=\"elabaura_discord\" name=\"elabaura_discord\" placeholder=\"ex: pseudo ou pseudo#1234\" required>\n\n                <label for=\"elabaura_email\">Adresse email<\/label>\n                <input type=\"email\" id=\"elabaura_email\" name=\"elabaura_email\" required>\n\n                <label for=\"elabaura_password\">Mot de passe<\/label>\n                <div class=\"elabaura-password\">\n                    <input type=\"password\" id=\"elabaura_password\" name=\"elabaura_password\" required>\n                    <button type=\"button\" class=\"elabaura-toggle\" aria-label=\"Afficher le mot de passe\">\ud83d\udc41<\/button>\n                <\/div>\n\n                                    <div class=\"g-recaptcha\" data-sitekey=\"6LevR5csAAAAAFhaDyT-6BzGwmJbZ8r_iWnl5lnQ\"><\/div>\n                \n                <input type=\"text\" name=\"elabaura_company\" class=\"elabaura-hp\" tabindex=\"-1\" autocomplete=\"off\">\n\n                <input type=\"hidden\" id=\"elabaura_register_nonce\" name=\"elabaura_register_nonce\" value=\"0b52114ab3\" \/><input type=\"hidden\" name=\"_wp_http_referer\" value=\"\/index.php\/wp-json\/wp\/v2\/pages\/48\" \/>\n                <button type=\"submit\" class=\"elabaura-submit\">Cr\u00e9er mon compte<\/button>\n            <\/form>\n            <\/div>\n    \n","protected":false},"excerpt":{"rendered":"","protected":false},"author":1,"featured_media":0,"parent":0,"menu_order":0,"comment_status":"closed","ping_status":"closed","template":"","meta":{"footnotes":""},"class_list":["post-48","page","type-page","status-publish","hentry"],"_links":{"self":[{"href":"https:\/\/elabaura.company\/index.php\/wp-json\/wp\/v2\/pages\/48","targetHints":{"allow":["GET"]}}],"collection":[{"href":"https:\/\/elabaura.company\/index.php\/wp-json\/wp\/v2\/pages"}],"about":[{"href":"https:\/\/elabaura.company\/index.php\/wp-json\/wp\/v2\/types\/page"}],"author":[{"embeddable":true,"href":"https:\/\/elabaura.company\/index.php\/wp-json\/wp\/v2\/users\/1"}],"replies":[{"embeddable":true,"href":"https:\/\/elabaura.company\/index.php\/wp-json\/wp\/v2\/comments?post=48"}],"version-history":[{"count":1,"href":"https:\/\/elabaura.company\/index.php\/wp-json\/wp\/v2\/pages\/48\/revisions"}],"predecessor-version":[{"id":49,"href":"https:\/\/elabaura.company\/index.php\/wp-json\/wp\/v2\/pages\/48\/revisions\/49"}],"wp:attachment":[{"href":"https:\/\/elabaura.company\/index.php\/wp-json\/wp\/v2\/media?parent=48"}],"curies":[{"name":"wp","href":"https:\/\/api.w.org\/{rel}","templated":true}]}}